{"id":705,"date":"2023-03-31T15:49:18","date_gmt":"2023-03-31T15:49:18","guid":{"rendered":"https:\/\/grajnaperkusji.pl\/?page_id=705"},"modified":"2023-03-31T16:08:47","modified_gmt":"2023-03-31T16:08:47","slug":"lekcje-youtube-i-skype","status":"publish","type":"page","link":"https:\/\/grajnaperkusji.pl\/index.php\/lekcje-youtube-i-skype\/","title":{"rendered":"Lekcje YouTube i Skype"},"content":{"rendered":"\n<p>Robi\u0119 r\u00f3wnie\u017c lekcje online przez Skype, zapraszam zainteresowanych do kontaktu: maciek.wojcieszuk@gmail.com .<\/p>\n\n\n\n<p>Na moim kanale mo\u017cna te\u017c znale\u017a\u0107 &#8222;Lekcje gry na perkusji dla wszystkich&#8221; &#8211; czyli filmy stricte o graniu na b\u0119bnach, tak \u017ceby sobie pogra\u0107 &#8211; niewa\u017cne ile masz lat, je\u015bli chcesz pob\u0119bni\u0107 &#8211; dawaj, dawaj, dawaj!!! \ud83d\ude42 <\/p>\n\n\n\n<p>Pierwsza lekcja pod linkiem:<\/p>\n\n\n\n<p><a href=\"https:\/\/youtu.be\/9acmQLXf7ls\" data-type=\"URL\" data-id=\"https:\/\/youtu.be\/9acmQLXf7ls\" target=\"_blank\" rel=\"noreferrer noopener\">https:\/\/youtu.be\/9acmQLXf7ls<\/a><\/p>\n\n\n\n<p><\/p>\n","protected":false},"excerpt":{"rendered":"<p>Robi\u0119 r\u00f3wnie\u017c lekcje online przez Skype, zapraszam zainteresowanych do kontaktu: maciek.wojcieszuk@gmail.com . Na moim kanale mo\u017cna te\u017c znale\u017a\u0107 &#8222;Lekcje gry na perkusji dla wszystkich&#8221; &#8211; czyli filmy stricte o graniu na b\u0119bnach, tak \u017ceby sobie pogra\u0107 &#8211; niewa\u017cne ile masz lat, je\u015bli chcesz pob\u0119bni\u0107 &#8211; dawaj, dawaj, dawaj!!! \ud83d\ude42 Pierwsza lekcja pod linkiem: https:\/\/youtu.be\/9acmQLXf7ls<\/p>\n","protected":false},"author":1,"featured_media":0,"parent":0,"menu_order":0,"comment_status":"closed","ping_status":"closed","template":"","meta":[],"_links":{"self":[{"href":"https:\/\/grajnaperkusji.pl\/index.php\/wp-json\/wp\/v2\/pages\/705"}],"collection":[{"href":"https:\/\/grajnaperkusji.pl\/index.php\/wp-json\/wp\/v2\/pages"}],"about":[{"href":"https:\/\/grajnaperkusji.pl\/index.php\/wp-json\/wp\/v2\/types\/page"}],"author":[{"embeddable":true,"href":"https:\/\/grajnaperkusji.pl\/index.php\/wp-json\/wp\/v2\/users\/1"}],"replies":[{"embeddable":true,"href":"https:\/\/grajnaperkusji.pl\/index.php\/wp-json\/wp\/v2\/comments?post=705"}],"version-history":[{"count":3,"href":"https:\/\/grajnaperkusji.pl\/index.php\/wp-json\/wp\/v2\/pages\/705\/revisions"}],"predecessor-version":[{"id":712,"href":"https:\/\/grajnaperkusji.pl\/index.php\/wp-json\/wp\/v2\/pages\/705\/revisions\/712"}],"wp:attachment":[{"href":"https:\/\/grajnaperkusji.pl\/index.php\/wp-json\/wp\/v2\/media?parent=705"}],"curies":[{"name":"wp","href":"https:\/\/api.w.org\/{rel}","templated":true}]}}