{"id":716,"date":"2023-04-03T11:33:25","date_gmt":"2023-04-03T11:33:25","guid":{"rendered":"https:\/\/grajnaperkusji.pl\/?page_id=716"},"modified":"2023-04-03T11:33:26","modified_gmt":"2023-04-03T11:33:26","slug":"voucher","status":"publish","type":"page","link":"https:\/\/grajnaperkusji.pl\/index.php\/voucher\/","title":{"rendered":"Voucher"},"content":{"rendered":"\n<p>Chcesz podarowa\u0107 komu\u015b voucher na lekcje gry na perkusji? \u015awietny i niecodzienny pomys\u0142 na prezent dla kogo\u015b bliskiego!<\/p>\n\n\n\n<p>Lekcje stacjonarne w Warszawie lub online. <\/p>\n\n\n\n<p>Ostrzegam &#8211; \u0142atwo si\u0119 wkr\u0119ci\u0107 \ud83d\ude42<\/p>\n\n\n\n<p>Zapraszam do kontaktu i wszelkich pyta\u0144 pod mailem: maciek.wojcieszuk@gmail.com . <\/p>\n\n\n\n<figure class=\"wp-block-image size-large\"><img decoding=\"async\" loading=\"lazy\" width=\"1024\" height=\"726\" src=\"https:\/\/grajnaperkusji.pl\/wp-content\/uploads\/2023\/04\/Lekcje-gry-na-perkusji-1024x726.jpg\" alt=\"\" class=\"wp-image-717\" srcset=\"https:\/\/grajnaperkusji.pl\/wp-content\/uploads\/2023\/04\/Lekcje-gry-na-perkusji-1024x726.jpg 1024w, https:\/\/grajnaperkusji.pl\/wp-content\/uploads\/2023\/04\/Lekcje-gry-na-perkusji-600x426.jpg 600w, https:\/\/grajnaperkusji.pl\/wp-content\/uploads\/2023\/04\/Lekcje-gry-na-perkusji-300x213.jpg 300w, https:\/\/grajnaperkusji.pl\/wp-content\/uploads\/2023\/04\/Lekcje-gry-na-perkusji-768x545.jpg 768w, https:\/\/grajnaperkusji.pl\/wp-content\/uploads\/2023\/04\/Lekcje-gry-na-perkusji-1536x1090.jpg 1536w, https:\/\/grajnaperkusji.pl\/wp-content\/uploads\/2023\/04\/Lekcje-gry-na-perkusji.jpg 1748w\" sizes=\"(max-width: 1024px) 100vw, 1024px\" \/><\/figure>\n","protected":false},"excerpt":{"rendered":"<p>Chcesz podarowa\u0107 komu\u015b voucher na lekcje gry na perkusji? \u015awietny i niecodzienny pomys\u0142 na prezent dla kogo\u015b bliskiego! Lekcje stacjonarne w Warszawie lub online. Ostrzegam &#8211; \u0142atwo si\u0119 wkr\u0119ci\u0107 \ud83d\ude42 Zapraszam do kontaktu i wszelkich pyta\u0144 pod mailem: maciek.wojcieszuk@gmail.com .<\/p>\n","protected":false},"author":1,"featured_media":0,"parent":0,"menu_order":0,"comment_status":"closed","ping_status":"closed","template":"","meta":[],"_links":{"self":[{"href":"https:\/\/grajnaperkusji.pl\/index.php\/wp-json\/wp\/v2\/pages\/716"}],"collection":[{"href":"https:\/\/grajnaperkusji.pl\/index.php\/wp-json\/wp\/v2\/pages"}],"about":[{"href":"https:\/\/grajnaperkusji.pl\/index.php\/wp-json\/wp\/v2\/types\/page"}],"author":[{"embeddable":true,"href":"https:\/\/grajnaperkusji.pl\/index.php\/wp-json\/wp\/v2\/users\/1"}],"replies":[{"embeddable":true,"href":"https:\/\/grajnaperkusji.pl\/index.php\/wp-json\/wp\/v2\/comments?post=716"}],"version-history":[{"count":1,"href":"https:\/\/grajnaperkusji.pl\/index.php\/wp-json\/wp\/v2\/pages\/716\/revisions"}],"predecessor-version":[{"id":718,"href":"https:\/\/grajnaperkusji.pl\/index.php\/wp-json\/wp\/v2\/pages\/716\/revisions\/718"}],"wp:attachment":[{"href":"https:\/\/grajnaperkusji.pl\/index.php\/wp-json\/wp\/v2\/media?parent=716"}],"curies":[{"name":"wp","href":"https:\/\/api.w.org\/{rel}","templated":true}]}}