{"id":769,"date":"2025-03-19T09:53:09","date_gmt":"2025-03-19T09:53:09","guid":{"rendered":"https:\/\/grajnaperkusji.pl\/?page_id=769"},"modified":"2025-03-19T09:57:37","modified_gmt":"2025-03-19T09:57:37","slug":"moj-podrecznik","status":"publish","type":"page","link":"https:\/\/grajnaperkusji.pl\/index.php\/moj-podrecznik\/","title":{"rendered":"M\u00f3j podr\u0119cznik"},"content":{"rendered":"\n<figure class=\"wp-block-image size-large\"><img decoding=\"async\" loading=\"lazy\" width=\"767\" height=\"1024\" src=\"https:\/\/grajnaperkusji.pl\/wp-content\/uploads\/2025\/03\/Okladka-ze-stolu-767x1024.jpg\" alt=\"\" class=\"wp-image-770\" srcset=\"https:\/\/grajnaperkusji.pl\/wp-content\/uploads\/2025\/03\/Okladka-ze-stolu-767x1024.jpg 767w, https:\/\/grajnaperkusji.pl\/wp-content\/uploads\/2025\/03\/Okladka-ze-stolu-225x300.jpg 225w, https:\/\/grajnaperkusji.pl\/wp-content\/uploads\/2025\/03\/Okladka-ze-stolu-768x1025.jpg 768w, https:\/\/grajnaperkusji.pl\/wp-content\/uploads\/2025\/03\/Okladka-ze-stolu-1151x1536.jpg 1151w, https:\/\/grajnaperkusji.pl\/wp-content\/uploads\/2025\/03\/Okladka-ze-stolu-1535x2048.jpg 1535w, https:\/\/grajnaperkusji.pl\/wp-content\/uploads\/2025\/03\/Okladka-ze-stolu-600x801.jpg 600w, https:\/\/grajnaperkusji.pl\/wp-content\/uploads\/2025\/03\/Okladka-ze-stolu-scaled.jpg 1919w\" sizes=\"(max-width: 767px) 100vw, 767px\" \/><\/figure>\n\n\n\n<p>W marcu 2025 roku, po kilku latach pracy &#8211; ukaza\u0142 si\u0119 m\u00f3j podr\u0119cznik do gry na perkusji! \ud83d\ude42 Jest idealny na pocz\u0105tek przygody z b\u0119bnami &#8211; napisany prosto i czytelnie.<\/p>\n\n\n\n<p>Dzi\u0119ki niemu zdob\u0119dziesz wszystkie informacje, aby zdrowo i bez nawyk\u00f3w zacz\u0105\u0107, nauczy\u0107 si\u0119 podstawowych uderze\u0144 i nut, po\u0107wiczy\u0107 podstawy, a na ko\u0144cu ju\u017c \u015bwiadomie, wiedz\u0105c, jak robi\u0107 to dobrze, spr\u00f3bowa\u0107 zagra\u0107 to, co lubisz i na co masz ochot\u0119.<\/p>\n\n\n\n<p>A czego konkretnie si\u0119 dowiesz? Mi\u0119dzy innymi:<br>1. Co to jest zestaw perkusyjny i jak nazywaj\u0105 si\u0119 poszczeg\u00f3lne jego elementy.<br>2. Jaka jest poprawna podstawowa pozycja i spos\u00f3b trzymania pa\u0142eczek.<br>3. Nauczysz si\u0119 po kolei nut &#8211; \u0107wier\u0107nut, \u00f3semek, triol i szesnastek &#8211; ale nie w nudny i d\u0142ugotrwa\u0142y spos\u00f3b &#8211; od razu b\u0119dziemy je gra\u0107 &#8211; robi\u0107 z nich przej\u015bcia i bity. Dzi\u0119ki temu b\u0119dziesz gra\u0107 \u015bwiadomie!<br>4. Poznasz cz\u0119sto spotykane w muzyce podzia\u0142y rytmiczne.<br>5. Po\u0107wiczysz form\u0119 i zrozumienie up\u0142ywu czasu w muzyce w trakcie grania.<\/p>\n\n\n\n<p>A na ko\u0144cu z\u0142apiesz za ulubione utwory i b\u0119dziesz je gra\u0107 &#8211; albo ze s\u0142uchu, albo z transkrypcji dost\u0119pnych w sieci. Dobra zabawa gwarantowana!:)<\/p>\n\n\n\n<p>Zapraszam! Jedziemy! Gramy!<\/p>\n\n\n\n<p>Mo\u017cna go kupi\u0107 tutaj:<\/p>\n\n\n\n<p>Wersja papierowa:<\/p>\n\n\n\n<p><a href=\"https:\/\/www.olx.pl\/d\/oferta\/podrecznik-do-gry-na-perkusji-grajnaperkusji-najlepszy-na-poczatek-CID751-ID14RMnd.html?bs=olx_pro_listing\">https:\/\/www.olx.pl\/d\/oferta\/podrecznik-do-gry-na-perkusji-grajnaperkusji-najlepszy-na-poczatek-CID751-ID14RMnd.html?bs=olx_pro_listing<\/a><\/p>\n\n\n\n<p>Ebook:<\/p>\n\n\n\n<p><a href=\"https:\/\/www.naffy.io\/grajnaperkusji\/grajnaperkusji-najlepszy-podrecznik-dla-poczatkujacych-U0x\">https:\/\/www.naffy.io\/grajnaperkusji\/grajnaperkusji-najlepszy-podrecznik-dla-poczatkujacych-U0x<\/a><\/p>\n","protected":false},"excerpt":{"rendered":"<p>W marcu 2025 roku, po kilku latach pracy &#8211; ukaza\u0142 si\u0119 m\u00f3j podr\u0119cznik do gry na perkusji! \ud83d\ude42 Jest idealny na pocz\u0105tek przygody z b\u0119bnami &#8211; napisany prosto i czytelnie. Dzi\u0119ki niemu zdob\u0119dziesz wszystkie informacje, aby zdrowo i bez nawyk\u00f3w zacz\u0105\u0107, nauczy\u0107 si\u0119 podstawowych uderze\u0144 i nut, po\u0107wiczy\u0107 podstawy, a na ko\u0144cu ju\u017c \u015bwiadomie, wiedz\u0105c, &hellip; <\/p>\n","protected":false},"author":1,"featured_media":774,"parent":0,"menu_order":1,"comment_status":"closed","ping_status":"closed","template":"","meta":[],"_links":{"self":[{"href":"https:\/\/grajnaperkusji.pl\/index.php\/wp-json\/wp\/v2\/pages\/769"}],"collection":[{"href":"https:\/\/grajnaperkusji.pl\/index.php\/wp-json\/wp\/v2\/pages"}],"about":[{"href":"https:\/\/grajnaperkusji.pl\/index.php\/wp-json\/wp\/v2\/types\/page"}],"author":[{"embeddable":true,"href":"https:\/\/grajnaperkusji.pl\/index.php\/wp-json\/wp\/v2\/users\/1"}],"replies":[{"embeddable":true,"href":"https:\/\/grajnaperkusji.pl\/index.php\/wp-json\/wp\/v2\/comments?post=769"}],"version-history":[{"count":3,"href":"https:\/\/grajnaperkusji.pl\/index.php\/wp-json\/wp\/v2\/pages\/769\/revisions"}],"predecessor-version":[{"id":775,"href":"https:\/\/grajnaperkusji.pl\/index.php\/wp-json\/wp\/v2\/pages\/769\/revisions\/775"}],"wp:featuredmedia":[{"embeddable":true,"href":"https:\/\/grajnaperkusji.pl\/index.php\/wp-json\/wp\/v2\/media\/774"}],"wp:attachment":[{"href":"https:\/\/grajnaperkusji.pl\/index.php\/wp-json\/wp\/v2\/media?parent=769"}],"curies":[{"name":"wp","href":"https:\/\/api.w.org\/{rel}","templated":true}]}}